ctors of 1877811.
3, 13, 89, 541
List the prime factors of 7821246.
2, 3, 1303541
List the prime factors of 1607155.
5, 11, 29221
What are the prime factors of 165515?
5, 7, 4729
What are the prime factors of 548415?
3, 5, 7, 1741
List the prime factors of 4848816.
2, 3, 7, 14431
What are the prime factors of 1453669?
7, 23, 9029
What are the prime factors of 23115?
3, 5, 23, 67
What are the prime factors of 10998802?
2, 5499401
List the prime factors of 347429.
17, 107, 191
What are the prime factors of 304991?
37, 8243
What are the prime factors of 7532802?
2, 3, 17, 103, 239
What are the prime factors of 3787630?
2, 5, 7, 11, 4919
What are the prime factors of 66477?
3, 22159
List the prime factors of 9637818.
2, 3, 1229, 1307
What are the prime factors of 4997421?
3, 11, 13, 353
List the prime factors of 24525825.
3, 5, 327011
List the prime factors of 6745411.
59, 114329
List the prime factors of 5097921.
3, 1699307
What are the prime factors of 10830227?
10830227
List the prime factors of 20457679.
11, 1153, 1613
List the prime factors of 19578167.
7, 479, 5839
List the prime factors of 423642.
2, 3, 70607
What are the prime factors of 13153272?
2, 3, 11, 49823
List the prime factors of 1022247.
3, 37861
List the prime factors of 436939.
179, 2441
List the prime factors of 502391.
211, 2381
What are the prime factors of 2161100?
2, 5, 21611
What are the prime factors of 11709113?
13, 900701
List the prime factors of 1289686.
2, 644843
What are the prime factors of 312541?
53, 5897
List the prime factors of 225882.
2, 3, 47, 89
What are the prime factors of 259434?
2, 3, 7, 29, 71
What are the prime factors of 170139?
3, 56713
List the prime factors of 414161.
11, 23, 1637
List the prime factors of 6384031.
29, 7591
List the prime factors of 297661.
7, 13, 3271
List the prime factors of 1097051.
1097051
What are the prime factors of 8640396?
2, 3, 240011
What are the prime factors of 7049120?
2, 5, 13, 3389
List the prime factors of 4729045.
5, 945809
What are the prime factors of 3885635?
5, 13, 59779
List the prime factors of 809636.
2, 202409
List the prime factors of 981681.
3, 337, 971
List the prime factors of 10185082.
2, 5092541
What are the prime factors of 20333054?
2, 7, 17, 37, 2309
List the prime factors of 559258.
2, 7, 43, 929
List the prime factors of 11422431.
3, 423053
List the prime factors of 3495307.
101, 34607
What are the prime factors of 652437?
3, 72493
List the prime factors of 1096212.
2, 3, 13, 7027
What are the prime factors of 7675777?
1103, 6959
List the prime factors of 37375170.
2, 3, 5, 7, 43, 4139
List the prime factors of 135906.
2, 3, 22651
List the prime factors of 630994.
2, 7, 13, 3467
What are the prime factors of 1622494?
2, 281, 2887
What are the prime factors of 1041395?
5, 208279
What are the prime factors of 4820448?
2, 3, 149, 337
What are the prime factors of 338275?
5, 7, 1933
List the prime factors of 551159.
7, 78737
List the prime factors of 7503176.
2, 19, 49363
What are the prime factors of 169321?
169321
List the prime factors of 1846091.
13, 142007
What are the prime factors of 215041?
359, 599
List the prime factors of 5949936.
2, 3, 4591
List the prime factors of 906831.
3, 17, 5927
List the prime factors of 129606.
2, 3, 21601
List the prime factors of 6024082.
2, 3012041
What are the prime factors of 684864?
2, 3, 29, 41
What are the prime factors of 13172099?
13172099
List the prime factors of 1060967.
23, 163, 283
List the prime factors of 324644.
2, 277, 293
What are the prime factors of 15852?
2, 3, 1321
What are the prime factors of 124588?
2, 31147
List the prime factors of 256091.
11, 31, 751
List the prime factors of 137319.
3, 7, 13, 503
List the prime factors of 4189933.
11, 23, 16561
List the prime factors of 147448.
2, 7, 2633
What are the prime factors of 3914847?
3, 251, 1733
What are the prime factors of 24533208?
2, 3, 7, 48677
List the prime factors of 7160226.
2, 3, 19, 107, 587
List the prime factors of 328654.
2, 101, 1627
What are the prime factors of 126946?
2, 63473
What are the prime factors of 608628?
2, 3, 67, 757
List the prime factors of 1228194.
2, 3, 11, 6203
List the prime factors of 298270.
2, 5, 7, 4261
List the prime factors of 80550.
2, 3, 5, 179
List the prime factors of 7192750.
2, 5, 28771
List the prime factors of 626863.
397, 1579
List the prime factors of 565553.
565553
What are the prime factors of 221817?
3, 73939
List the prime factors of 3381037.
11, 307367
List the prime factors of 1156979.
41, 28219
What are the prime factors of 2773797?
3, 13, 5471
List the prime factors of 4369396.
2, 1092349
List the prime factors of 6939906.
2, 3, 41, 28211
What are the prime factors of 12633454?
2, 6316727
List the prime factors of 2401028.
2, 7, 85751
What are the prime factors of 1417460?
2, 5, 11, 17, 379
What are the prime factors of 227343?
3, 75781
What are the prime factors of 60312?
2, 3, 7, 359
List the prime factors of 10131265.
5, 31, 163, 401
What are the prime factors of 141359?
141359
What are the prime factors of 61648?
2, 3853
List the prime factors of 821968.
2, 7, 41, 179
List the prime factors of 36984000.
2, 3, 5, 23, 67
List the prime factors of 1837439.
743, 2473
List the prime factors of 10852899.
3, 43, 84131
What are the prime factors of 305296?
2, 19081
List the prime factors of 119712.
2, 3, 29, 43
List the prime factors of 265562.
2, 11, 12071
What are the prime factors of 13744269?
3, 7, 11, 601
List the prime factors of 136984.
2, 17123
List the prime factors of 2784075.
3, 5, 7, 5303
What are the prime factors of 436585?
5, 87317
What are the prime factors of 2801256?
2, 3, 116719
List the prime factors of 4653439.
7, 664777
What are the prime factors of 14558917?
14558917
List the prime factors of 11963314.
2, 11, 543787
List the prime factors of 2659649.
367, 7247
List the prime factors of 1455377.
7, 11, 41, 461
List the prime factors of 2323315.
5, 464663
What are the prime factors of 1256770?
2, 5, 109, 1153
List the prime factors of 122476.
2, 67, 457
List the prime factors of 26878650.
2, 3, 5, 29, 37, 167
What are the prime factors of 2672440?
2, 5, 71, 941
List the prime factors of 2523979.
19, 71, 1871
What are the prime factors of 24213943?
13, 1862611
What are the prime factors of 3479855?
5, 29, 103, 233
What are the prime factors of 3212011?
11, 29, 10069
What are the prime factors of 1152914?
2, 7, 82351
What are the prime factors of 2015410?
2, 5, 43, 109
List the prime factors of 1405486.
2, 702743
What are the prime factors of 2879860?
2, 5, 311, 463
What are the prime factors of 5327643?
3, 1775881
What are the prime factors of 3682146?
2, 3, 13, 47207
What are the prime factors of 336111?
3, 199, 563
What are the prime factors of 14311463?
2053, 6971
What are the prime factors of 819336?
2, 3, 7, 4877
List the prime factors of 213545.
5, 42709
List the prime factors of 12459220.
2, 5, 571, 1091
List the prime factors of 2524773.
3, 137, 6143
What are the prime factors of 414935?
5, 31, 2677
What are the prime factors of 3947303?
227, 17389
What are the prime factors of 7138634?
2, 3569317
List the prime factors of 2825157.
3, 179, 5261
What are the prime factors of 445115?
5, 11, 8093
What are the prime factors of 43139080?
2, 5, 227, 4751
List the prime factors of 5027601.
3, 1675867
List the prime factors of 1206355.
5, 241271
What are the prime factors of 5026736?
2, 11, 13
List the prime factors of 21692702.
2, 10846351
What are the prime factors of 6593030?
2, 5, 37, 103, 173
List the prime factors of 8248065.
3, 5, 7, 78553
List the prime factors of 1422879.
3, 67, 7079
What are the prime factors of 316692?
2, 3, 19, 463
List the prime factors of 398743.
181, 2203
List the prime factors of 391657.
7, 7993
What are the prime factors of 367527?
3, 122509
What are the prime factors of 1775086?
2, 887543
List the prime factors of 29098.
2, 14549
List the prime factors of 6957323.
227, 30649
What are the prime factors of 12131586?
2, 3, 271, 829
List the prime factors of 696582.
2, 3, 38699
What are the prime factors of 4580290?
2, 5, 11, 13, 3203
List the prime factors of 48101.
103, 467
What are the prime factors of 22160883?
3, 7386961
List the prime factors of 1056020.
2, 5, 7, 19, 397